{"id":11421,"date":"2021-01-15T01:02:52","date_gmt":"2021-01-15T01:02:52","guid":{"rendered":"http:\/\/rafmx.com\/sitios\/safetysignal\/?post_type=product&#038;p=11421"},"modified":"2021-03-17T19:36:19","modified_gmt":"2021-03-17T19:36:19","slug":"raya-guia-en-zonas-de-transicion-15-cm","status":"publish","type":"product","link":"https:\/\/safetysignalsenalamientos.com\/?product=raya-guia-en-zonas-de-transicion-15-cm","title":{"rendered":"Raya gu\u00eda en zonas de transici\u00f3n 15 cm"},"content":{"rendered":"","protected":false},"excerpt":{"rendered":"<p>Aplicaci\u00f3n con equipo autopropulsado marca <strong>SWEGA<\/strong> para pintura <strong>TIPO TRAFICO base agua<\/strong> se utilizan marcas como COMEX, ENNIS FLINT <strong>con microesfera de vidrio marca Ballotini<\/strong>.<\/p>\n<p>&nbsp;<\/p>\n<p><strong>Realizamos levantamiento de proyecto sin costo.<\/strong><\/p>\n","protected":false},"featured_media":11422,"comment_status":"closed","ping_status":"closed","template":"","meta":{"spay_email":""},"yoast_head":"<!-- This site is optimized with the Yoast SEO plugin v14.8.1 - https:\/\/yoast.com\/wordpress\/plugins\/seo\/ -->\n<title>Raya gu\u00eda en zonas de transici\u00f3n 15 cm - Safetysignal<\/title>\n<meta name=\"robots\" content=\"index, follow\" \/>\n<meta name=\"googlebot\" content=\"index, follow, max-snippet:-1, max-image-preview:large, max-video-preview:-1\" \/>\n<meta name=\"bingbot\" content=\"index, follow, max-snippet:-1, max-image-preview:large, max-video-preview:-1\" \/>\n<link rel=\"canonical\" href=\"http:\/\/rafmx.com\/sitios\/safetysignal\/?product=raya-guia-en-zonas-de-transicion-15-cm\" \/>\n<meta property=\"og:locale\" content=\"es_MX\" \/>\n<meta property=\"og:type\" content=\"article\" \/>\n<meta property=\"og:title\" content=\"Raya gu\u00eda en zonas de transici\u00f3n 15 cm - Safetysignal\" \/>\n<meta property=\"og:description\" content=\"Aplicaci\u00f3n con equipo autopropulsado marca SWEGA para pintura TIPO TRAFICO base agua se utilizan marcas como COMEX, ENNIS FLINT con microesfera de vidrio marca Ballotini.  &nbsp;  Realizamos levantamiento de proyecto sin costo.\" \/>\n<meta property=\"og:url\" content=\"http:\/\/rafmx.com\/sitios\/safetysignal\/?product=raya-guia-en-zonas-de-transicion-15-cm\" \/>\n<meta property=\"og:site_name\" content=\"Safetysignal\" \/>\n<meta property=\"article:modified_time\" content=\"2021-03-17T19:36:19+00:00\" \/>\n<meta property=\"og:image\" content=\"https:\/\/safetysignalsenalamientos.com\/wp-content\/uploads\/2021\/01\/0021.jpg\" \/>\n\t<meta property=\"og:image:width\" content=\"720\" \/>\n\t<meta property=\"og:image:height\" content=\"1280\" \/>\n<meta name=\"twitter:card\" content=\"summary_large_image\" \/>\n<script type=\"application\/ld+json\" class=\"yoast-schema-graph\">{\"@context\":\"https:\/\/schema.org\",\"@graph\":[{\"@type\":\"WebSite\",\"@id\":\"https:\/\/safetysignalsenalamientos.com\/#website\",\"url\":\"https:\/\/safetysignalsenalamientos.com\/\",\"name\":\"Safetysignal\",\"description\":\"Sitio de Safetysignal\",\"potentialAction\":[{\"@type\":\"SearchAction\",\"target\":\"https:\/\/safetysignalsenalamientos.com\/?s={search_term_string}\",\"query-input\":\"required name=search_term_string\"}],\"inLanguage\":\"es-MX\"},{\"@type\":\"ImageObject\",\"@id\":\"http:\/\/rafmx.com\/sitios\/safetysignal\/?product=raya-guia-en-zonas-de-transicion-15-cm#primaryimage\",\"inLanguage\":\"es-MX\",\"url\":\"https:\/\/safetysignalsenalamientos.com\/wp-content\/uploads\/2021\/01\/0021.jpg\",\"width\":720,\"height\":1280},{\"@type\":\"WebPage\",\"@id\":\"http:\/\/rafmx.com\/sitios\/safetysignal\/?product=raya-guia-en-zonas-de-transicion-15-cm#webpage\",\"url\":\"http:\/\/rafmx.com\/sitios\/safetysignal\/?product=raya-guia-en-zonas-de-transicion-15-cm\",\"name\":\"Raya gu\\u00eda en zonas de transici\\u00f3n 15 cm - Safetysignal\",\"isPartOf\":{\"@id\":\"https:\/\/safetysignalsenalamientos.com\/#website\"},\"primaryImageOfPage\":{\"@id\":\"http:\/\/rafmx.com\/sitios\/safetysignal\/?product=raya-guia-en-zonas-de-transicion-15-cm#primaryimage\"},\"datePublished\":\"2021-01-15T01:02:52+00:00\",\"dateModified\":\"2021-03-17T19:36:19+00:00\",\"inLanguage\":\"es-MX\",\"potentialAction\":[{\"@type\":\"ReadAction\",\"target\":[\"http:\/\/rafmx.com\/sitios\/safetysignal\/?product=raya-guia-en-zonas-de-transicion-15-cm\"]}]}]}<\/script>\n<!-- \/ Yoast SEO plugin. -->","_links":{"self":[{"href":"https:\/\/safetysignalsenalamientos.com\/index.php?rest_route=\/wp\/v2\/product\/11421"}],"collection":[{"href":"https:\/\/safetysignalsenalamientos.com\/index.php?rest_route=\/wp\/v2\/product"}],"about":[{"href":"https:\/\/safetysignalsenalamientos.com\/index.php?rest_route=\/wp\/v2\/types\/product"}],"replies":[{"embeddable":true,"href":"https:\/\/safetysignalsenalamientos.com\/index.php?rest_route=%2Fwp%2Fv2%2Fcomments&post=11421"}],"wp:featuredmedia":[{"embeddable":true,"href":"https:\/\/safetysignalsenalamientos.com\/index.php?rest_route=\/wp\/v2\/media\/11422"}],"wp:attachment":[{"href":"https:\/\/safetysignalsenalamientos.com\/index.php?rest_route=%2Fwp%2Fv2%2Fmedia&parent=11421"}],"curies":[{"name":"wp","href":"https:\/\/api.w.org\/{rel}","templated":true}]}}