{"id":13636,"date":"2021-04-16T22:22:20","date_gmt":"2021-04-16T22:22:20","guid":{"rendered":"http:\/\/rafmx.com\/sitios\/safetysignal\/?post_type=product&#038;p=13636"},"modified":"2021-04-23T18:15:54","modified_gmt":"2021-04-23T18:15:54","slug":"bandera-doble","status":"publish","type":"product","link":"https:\/\/safetysignalsenalamientos.com\/?product=bandera-doble","title":{"rendered":"BANDERA DOBLE"},"content":{"rendered":"<h3>*PRECIO POR PROYECTO*<br \/>\nCOMUNICATE CON NOSOTROS<\/h3>\n<p><strong>Medidas: <\/strong><br \/>\n244&#215;61 | 305&#215;61 | 366&#215;61 | 244&#215;122 | 305&#215;122 | 366&#215;122 | 488&#215;122 | 244&#215;76 | 305&#215;76 | 366&#215;76 | 488&#215;76 | 549&#215;122 | 488&#215;152 | 549&#215;152<\/p>\n<p><strong>Tablero:<\/strong> bastidor de ptr 2\u2033x2\u2033 y 2 1\/2\u2033 galvanizado con lamina galvalizada calibre 16.<br \/>\n<strong>R\u00f3tulo:<\/strong> fondo vinil reflejante Alta Intensidad (A); texto, filete y pictogr\u00e1ma vinil normal<br \/>\n<strong>Poste: <\/strong>Seg\u00fan especificaciones SCT ESTRUCTURAS MONTEN O HSS, INCLUYE placa y tornillos galvanizado por inmersi\u00f3n en caliente.<br \/>\nNO incluye dado para cimentaci\u00f3n.<br \/>\nTEXTO Y SIMBOLOS SEG\u00daN PROYECTO<\/p>\n<p><strong>LEYENDA<\/strong><\/p>\n<p>Este producto tambi\u00e9n lo puedes adquirir en vinil <strong>grado ingenier\u00eda<\/strong>, llama al <strong>7225810138<\/strong><\/p>\n<p>Este producto tambi\u00e9n lo puedes adquirir en <strong>vinil diamante<\/strong>, llama al <strong>7225810138<\/strong><\/p>\n","protected":false},"excerpt":{"rendered":"<h3>*PRECIO POR PROYECTO*<br \/>\nCOMUNICATE CON NOSOTROS<\/h3>\n<p><strong>LEYENDA<\/strong><\/p>\n<p>Este producto tambi\u00e9n lo puedes adquirir en vinil <strong>grado ingenier\u00eda<\/strong>, llama al <strong>7225810138<\/strong><\/p>\n<p>Este producto tambi\u00e9n lo puedes adquirir en <strong>vinil diamante<\/strong>, llama al <strong>7225810138<\/strong><\/p>\n","protected":false},"featured_media":13703,"comment_status":"closed","ping_status":"closed","template":"","meta":{"spay_email":""},"yoast_head":"<!-- This site is optimized with the Yoast SEO plugin v14.8.1 - https:\/\/yoast.com\/wordpress\/plugins\/seo\/ -->\n<title>BANDERA DOBLE - Safetysignal<\/title>\n<meta name=\"robots\" content=\"index, follow\" \/>\n<meta name=\"googlebot\" content=\"index, follow, max-snippet:-1, max-image-preview:large, max-video-preview:-1\" \/>\n<meta name=\"bingbot\" content=\"index, follow, max-snippet:-1, max-image-preview:large, max-video-preview:-1\" \/>\n<link rel=\"canonical\" href=\"https:\/\/safetysignalsenalamientos.com\/?product=bandera-doble\" \/>\n<meta property=\"og:locale\" content=\"es_MX\" \/>\n<meta property=\"og:type\" content=\"article\" \/>\n<meta property=\"og:title\" content=\"BANDERA DOBLE - Safetysignal\" \/>\n<meta property=\"og:description\" content=\"*PRECIO POR PROYECTO* COMUNICATE CON NOSOTROS LEYENDA  Este producto tambi\u00e9n lo puedes adquirir en vinil grado ingenier\u00eda, llama al 7225810138  Este producto tambi\u00e9n lo puedes adquirir en vinil diamante, llama al 7225810138\" \/>\n<meta property=\"og:url\" content=\"https:\/\/safetysignalsenalamientos.com\/?product=bandera-doble\" \/>\n<meta property=\"og:site_name\" content=\"Safetysignal\" \/>\n<meta property=\"article:modified_time\" content=\"2021-04-23T18:15:54+00:00\" \/>\n<meta property=\"og:image\" content=\"https:\/\/safetysignalsenalamientos.com\/wp-content\/uploads\/2021\/04\/FOTO-SAFETY_Mesa-de-trabajo-1.png\" \/>\n\t<meta property=\"og:image:width\" content=\"900\" \/>\n\t<meta property=\"og:image:height\" content=\"900\" \/>\n<meta name=\"twitter:card\" content=\"summary_large_image\" \/>\n<script type=\"application\/ld+json\" class=\"yoast-schema-graph\">{\"@context\":\"https:\/\/schema.org\",\"@graph\":[{\"@type\":\"WebSite\",\"@id\":\"https:\/\/safetysignalsenalamientos.com\/#website\",\"url\":\"https:\/\/safetysignalsenalamientos.com\/\",\"name\":\"Safetysignal\",\"description\":\"Sitio de Safetysignal\",\"potentialAction\":[{\"@type\":\"SearchAction\",\"target\":\"https:\/\/safetysignalsenalamientos.com\/?s={search_term_string}\",\"query-input\":\"required name=search_term_string\"}],\"inLanguage\":\"es-MX\"},{\"@type\":\"ImageObject\",\"@id\":\"https:\/\/safetysignalsenalamientos.com\/?product=bandera-doble#primaryimage\",\"inLanguage\":\"es-MX\",\"url\":\"https:\/\/safetysignalsenalamientos.com\/wp-content\/uploads\/2021\/04\/FOTO-SAFETY_Mesa-de-trabajo-1.png\",\"width\":900,\"height\":900},{\"@type\":\"WebPage\",\"@id\":\"https:\/\/safetysignalsenalamientos.com\/?product=bandera-doble#webpage\",\"url\":\"https:\/\/safetysignalsenalamientos.com\/?product=bandera-doble\",\"name\":\"BANDERA DOBLE - Safetysignal\",\"isPartOf\":{\"@id\":\"https:\/\/safetysignalsenalamientos.com\/#website\"},\"primaryImageOfPage\":{\"@id\":\"https:\/\/safetysignalsenalamientos.com\/?product=bandera-doble#primaryimage\"},\"datePublished\":\"2021-04-16T22:22:20+00:00\",\"dateModified\":\"2021-04-23T18:15:54+00:00\",\"inLanguage\":\"es-MX\",\"potentialAction\":[{\"@type\":\"ReadAction\",\"target\":[\"https:\/\/safetysignalsenalamientos.com\/?product=bandera-doble\"]}]}]}<\/script>\n<!-- \/ Yoast SEO plugin. -->","_links":{"self":[{"href":"https:\/\/safetysignalsenalamientos.com\/index.php?rest_route=\/wp\/v2\/product\/13636"}],"collection":[{"href":"https:\/\/safetysignalsenalamientos.com\/index.php?rest_route=\/wp\/v2\/product"}],"about":[{"href":"https:\/\/safetysignalsenalamientos.com\/index.php?rest_route=\/wp\/v2\/types\/product"}],"replies":[{"embeddable":true,"href":"https:\/\/safetysignalsenalamientos.com\/index.php?rest_route=%2Fwp%2Fv2%2Fcomments&post=13636"}],"wp:featuredmedia":[{"embeddable":true,"href":"https:\/\/safetysignalsenalamientos.com\/index.php?rest_route=\/wp\/v2\/media\/13703"}],"wp:attachment":[{"href":"https:\/\/safetysignalsenalamientos.com\/index.php?rest_route=%2Fwp%2Fv2%2Fmedia&parent=13636"}],"curies":[{"name":"wp","href":"https:\/\/api.w.org\/{rel}","templated":true}]}}